{"id":40655,"date":"2022-02-28T14:05:51","date_gmt":"2022-02-28T19:05:51","guid":{"rendered":"https:\/\/cusointernational.org\/?page_id=40655"},"modified":"2022-03-24T16:24:22","modified_gmt":"2022-03-24T20:24:22","slug":"journee-internationale-des-femmes","status":"publish","type":"page","link":"https:\/\/cusointernational.org\/fr\/journee-internationale-des-femmes\/","title":{"rendered":"International Women&#8217;s Day"},"content":{"rendered":"\r\n<h6>L&#8217;inspiration au f\u00e9minin<\/h6>\r\n<h1>Journ\u00e9e internationale des femmes<\/h1>\r\n<h5>Le 8 mars, nous c\u00e9l\u00e9brons les femmes du monde entire.<\/h5>\r\n<h3>Des histoires inspirantes dans votre bo\u00eete de r\u00e9ception<\/h3>\r\n<p>Inscrivez-vous et d\u00e9couvrez comment vous pouvez aider les femmes autour du monde.<\/p>\r\n<p><a role=\"button\" href=\"https:\/\/cusointernational.org\/fr\/40683-2\/\" target=\"_blank\" rel=\"noopener\" aria-label=\"Inscrivez-vous\"> Inscrivez-vous <\/a><\/p>\r\n<h2>Journ\u00e9e internationale des femmes<\/h2>\r\n<p>Le 8 mars est la Journ\u00e9e internationale des femmes. C&#8217;est la journ\u00e9e id\u00e9ale pour souligner et c\u00e9l\u00e9brer les r\u00e9alisations sociales, \u00e9conomiques, culturelles et politiques des femmes et des filles. C&#8217;est aussi la journ\u00e9e id\u00e9ale pour r\u00e9fl\u00e9chir aux in\u00e9galit\u00e9s entre les sexes, au progr\u00e8s accompli et au travail qui reste \u00e0 faire.<\/p>\r\n<p>Sous le th\u00e8me #L&#8217;inspirationauf\u00e9minin, nous braquons les projecteurs sur des femmes sources d&#8217;inspiration et d&#8217;entraide. Des femmes qui contribuent au d\u00e9veloppement et \u00e0 l&#8217;\u00e9panouissement de leur communaut\u00e9.<\/p>\r\n<p>Soyez des n\u00f4tres pour souligner la Journ\u00e9e internationale des femmes tout au long du mois de mars et suivez-nous sur les m\u00e9dias sociaux :<\/p>\r\n<h3>Semer le changement, r\u00e9colter la s\u00e9curit\u00e9 alimentaire<\/h3>\r\n<p>D\u00e9couvrez comment Teresa partage ses connaissances et ses comp\u00e9tences pour aider d&#8217;autres femmes \u00e0 obtenir la s\u00e9curit\u00e9 financi\u00e8re et alimentaire<b>\u00a0<\/b>au Honduras.<\/p>\r\n<p><a role=\"button\" href=\"https:\/\/cusointernational.org\/fr\/recit\/semer-le-changement-recolter-la-securite-alimentaire\/\" target=\"_blank\" rel=\"noopener\"> RENCONTRER TERESA <\/a><\/p>\r\n<h3>Cultiver l&#8217;ind\u00e9pendance au B\u00e9nin<\/h3>\r\n<p>Nadette souhaite d&#8217;ailleurs voir plus de jeunes femmes se lancer en agriculture. Lorsqu&#8217;elle n&#8217;est pas en train de travailler la terre, elle enseigne les trucs du m\u00e9tier \u00e0 d&#8217;autres femmes.<\/p>\r\n<p><a role=\"button\" href=\"https:\/\/cusointernational.org\/fr\/recit\/cultiver-lindependance-au-benin\/\" target=\"_blank\" rel=\"noopener\"> RENCONTRER NADETTE <\/a><\/p>\r\n","protected":false},"excerpt":{"rendered":"<p>L&#8217;inspiration au f\u00e9minin Journ\u00e9e internationale des femmes Le 8 mars, nous c\u00e9l\u00e9brons les femmes du monde entire. Des histoires inspirantes dans votre bo\u00eete de r\u00e9ception Inscrivez-vous et d\u00e9couvrez comment vous pouvez aider les femmes autour du monde. Inscrivez-vous Journ\u00e9e internationale des femmes Le 8 mars est la Journ\u00e9e internationale des femmes. C&#8217;est la journ\u00e9e id\u00e9ale&hellip;<\/p>\n","protected":false},"author":3,"featured_media":40664,"parent":0,"menu_order":0,"comment_status":"closed","ping_status":"closed","template":"","meta":{"_acf_changed":false,"footnotes":""},"tags":[],"class_list":["post-40655","page","type-page","status-publish","has-post-thumbnail","hentry"],"acf":[],"yoast_head":"<!-- This site is optimized with the Yoast SEO plugin v27.4 - https:\/\/yoast.com\/product\/yoast-seo-wordpress\/ -->\n<title>International Women&#039;s Day - Cuso International<\/title>\n<meta name=\"description\" content=\"March 8 is International Women&#039;s Day. It\u2019s a global day to recognize and celebrate women\u2019s and girls\u2019 social, economic, cultural, and political achievements. It\u2019s also a time to raise awareness of the progress made towards achieving gender equality and the work remaining to be done.\" \/>\n<meta name=\"robots\" content=\"index, follow, max-snippet:-1, max-image-preview:large, max-video-preview:-1\" \/>\n<link rel=\"canonical\" href=\"https:\/\/cusointernational.org\/fr\/journee-internationale-des-femmes\/\" \/>\n<meta property=\"og:locale\" content=\"fr_FR\" \/>\n<meta property=\"og:type\" content=\"article\" \/>\n<meta property=\"og:title\" content=\"International Women&#039;s Day - Cuso International\" \/>\n<meta property=\"og:description\" content=\"March 8 is International Women&#039;s Day. It\u2019s a global day to recognize and celebrate women\u2019s and girls\u2019 social, economic, cultural, and political achievements. It\u2019s also a time to raise awareness of the progress made towards achieving gender equality and the work remaining to be done.\" \/>\n<meta property=\"og:url\" content=\"https:\/\/cusointernational.org\/fr\/journee-internationale-des-femmes\/\" \/>\n<meta property=\"og:site_name\" content=\"Cuso International\" \/>\n<meta property=\"article:modified_time\" content=\"2022-03-24T20:24:22+00:00\" \/>\n<meta property=\"og:image\" content=\"https:\/\/cusointernational.org\/wp-content\/uploads\/Mar2022-IWD-hero.jpg\" \/>\n\t<meta property=\"og:image:width\" content=\"1600\" \/>\n\t<meta property=\"og:image:height\" content=\"1000\" \/>\n\t<meta property=\"og:image:type\" content=\"image\/jpeg\" \/>\n<meta name=\"twitter:card\" content=\"summary_large_image\" \/>\n<meta name=\"twitter:label1\" content=\"Dur\u00e9e de lecture estim\u00e9e\" \/>\n\t<meta name=\"twitter:data1\" content=\"1 minute\" \/>\n<script type=\"application\/ld+json\" class=\"yoast-schema-graph\">{\"@context\":\"https:\\\/\\\/schema.org\",\"@graph\":[{\"@type\":\"WebPage\",\"@id\":\"https:\\\/\\\/cusointernational.org\\\/fr\\\/journee-internationale-des-femmes\\\/\",\"url\":\"https:\\\/\\\/cusointernational.org\\\/fr\\\/journee-internationale-des-femmes\\\/\",\"name\":\"International Women's Day - Cuso International\",\"isPartOf\":{\"@id\":\"https:\\\/\\\/cusointernational.org\\\/fr\\\/#website\"},\"primaryImageOfPage\":{\"@id\":\"https:\\\/\\\/cusointernational.org\\\/fr\\\/journee-internationale-des-femmes\\\/#primaryimage\"},\"image\":{\"@id\":\"https:\\\/\\\/cusointernational.org\\\/fr\\\/journee-internationale-des-femmes\\\/#primaryimage\"},\"thumbnailUrl\":\"https:\\\/\\\/cusointernational.org\\\/wp-content\\\/uploads\\\/Mar2022-IWD-hero.jpg\",\"datePublished\":\"2022-02-28T19:05:51+00:00\",\"dateModified\":\"2022-03-24T20:24:22+00:00\",\"description\":\"March 8 is International Women's Day. It\u2019s a global day to recognize and celebrate women\u2019s and girls\u2019 social, economic, cultural, and political achievements. It\u2019s also a time to raise awareness of the progress made towards achieving gender equality and the work remaining to be done.\",\"breadcrumb\":{\"@id\":\"https:\\\/\\\/cusointernational.org\\\/fr\\\/journee-internationale-des-femmes\\\/#breadcrumb\"},\"inLanguage\":\"fr-FR\",\"potentialAction\":[{\"@type\":\"ReadAction\",\"target\":[\"https:\\\/\\\/cusointernational.org\\\/fr\\\/journee-internationale-des-femmes\\\/\"]}]},{\"@type\":\"ImageObject\",\"inLanguage\":\"fr-FR\",\"@id\":\"https:\\\/\\\/cusointernational.org\\\/fr\\\/journee-internationale-des-femmes\\\/#primaryimage\",\"url\":\"https:\\\/\\\/cusointernational.org\\\/wp-content\\\/uploads\\\/Mar2022-IWD-hero.jpg\",\"contentUrl\":\"https:\\\/\\\/cusointernational.org\\\/wp-content\\\/uploads\\\/Mar2022-IWD-hero.jpg\",\"width\":1600,\"height\":1000,\"caption\":\"International Women's Day\"},{\"@type\":\"BreadcrumbList\",\"@id\":\"https:\\\/\\\/cusointernational.org\\\/fr\\\/journee-internationale-des-femmes\\\/#breadcrumb\",\"itemListElement\":[{\"@type\":\"ListItem\",\"position\":1,\"name\":\"Home\",\"item\":\"https:\\\/\\\/cusointernational.org\\\/fr\\\/\"},{\"@type\":\"ListItem\",\"position\":2,\"name\":\"International Women&#8217;s Day\"}]},{\"@type\":\"WebSite\",\"@id\":\"https:\\\/\\\/cusointernational.org\\\/fr\\\/#website\",\"url\":\"https:\\\/\\\/cusointernational.org\\\/fr\\\/\",\"name\":\"Cuso International\",\"description\":\"Connecting communities around the world with skilled Canadians to help end poverty\",\"potentialAction\":[{\"@type\":\"SearchAction\",\"target\":{\"@type\":\"EntryPoint\",\"urlTemplate\":\"https:\\\/\\\/cusointernational.org\\\/fr\\\/?s={search_term_string}\"},\"query-input\":{\"@type\":\"PropertyValueSpecification\",\"valueRequired\":true,\"valueName\":\"search_term_string\"}}],\"inLanguage\":\"fr-FR\"}]}<\/script>\n<!-- \/ Yoast SEO plugin. -->","yoast_head_json":{"title":"International Women's Day - Cuso International","description":"March 8 is International Women's Day. It\u2019s a global day to recognize and celebrate women\u2019s and girls\u2019 social, economic, cultural, and political achievements. It\u2019s also a time to raise awareness of the progress made towards achieving gender equality and the work remaining to be done.","robots":{"index":"index","follow":"follow","max-snippet":"max-snippet:-1","max-image-preview":"max-image-preview:large","max-video-preview":"max-video-preview:-1"},"canonical":"https:\/\/cusointernational.org\/fr\/journee-internationale-des-femmes\/","og_locale":"fr_FR","og_type":"article","og_title":"International Women's Day - Cuso International","og_description":"March 8 is International Women's Day. It\u2019s a global day to recognize and celebrate women\u2019s and girls\u2019 social, economic, cultural, and political achievements. It\u2019s also a time to raise awareness of the progress made towards achieving gender equality and the work remaining to be done.","og_url":"https:\/\/cusointernational.org\/fr\/journee-internationale-des-femmes\/","og_site_name":"Cuso International","article_modified_time":"2022-03-24T20:24:22+00:00","og_image":[{"width":1600,"height":1000,"url":"https:\/\/cusointernational.org\/wp-content\/uploads\/Mar2022-IWD-hero.jpg","type":"image\/jpeg"}],"twitter_card":"summary_large_image","twitter_misc":{"Dur\u00e9e de lecture estim\u00e9e":"1 minute"},"schema":{"@context":"https:\/\/schema.org","@graph":[{"@type":"WebPage","@id":"https:\/\/cusointernational.org\/fr\/journee-internationale-des-femmes\/","url":"https:\/\/cusointernational.org\/fr\/journee-internationale-des-femmes\/","name":"International Women's Day - Cuso International","isPartOf":{"@id":"https:\/\/cusointernational.org\/fr\/#website"},"primaryImageOfPage":{"@id":"https:\/\/cusointernational.org\/fr\/journee-internationale-des-femmes\/#primaryimage"},"image":{"@id":"https:\/\/cusointernational.org\/fr\/journee-internationale-des-femmes\/#primaryimage"},"thumbnailUrl":"https:\/\/cusointernational.org\/wp-content\/uploads\/Mar2022-IWD-hero.jpg","datePublished":"2022-02-28T19:05:51+00:00","dateModified":"2022-03-24T20:24:22+00:00","description":"March 8 is International Women's Day. It\u2019s a global day to recognize and celebrate women\u2019s and girls\u2019 social, economic, cultural, and political achievements. It\u2019s also a time to raise awareness of the progress made towards achieving gender equality and the work remaining to be done.","breadcrumb":{"@id":"https:\/\/cusointernational.org\/fr\/journee-internationale-des-femmes\/#breadcrumb"},"inLanguage":"fr-FR","potentialAction":[{"@type":"ReadAction","target":["https:\/\/cusointernational.org\/fr\/journee-internationale-des-femmes\/"]}]},{"@type":"ImageObject","inLanguage":"fr-FR","@id":"https:\/\/cusointernational.org\/fr\/journee-internationale-des-femmes\/#primaryimage","url":"https:\/\/cusointernational.org\/wp-content\/uploads\/Mar2022-IWD-hero.jpg","contentUrl":"https:\/\/cusointernational.org\/wp-content\/uploads\/Mar2022-IWD-hero.jpg","width":1600,"height":1000,"caption":"International Women's Day"},{"@type":"BreadcrumbList","@id":"https:\/\/cusointernational.org\/fr\/journee-internationale-des-femmes\/#breadcrumb","itemListElement":[{"@type":"ListItem","position":1,"name":"Home","item":"https:\/\/cusointernational.org\/fr\/"},{"@type":"ListItem","position":2,"name":"International Women&#8217;s Day"}]},{"@type":"WebSite","@id":"https:\/\/cusointernational.org\/fr\/#website","url":"https:\/\/cusointernational.org\/fr\/","name":"Cuso International","description":"Connecting communities around the world with skilled Canadians to help end poverty","potentialAction":[{"@type":"SearchAction","target":{"@type":"EntryPoint","urlTemplate":"https:\/\/cusointernational.org\/fr\/?s={search_term_string}"},"query-input":{"@type":"PropertyValueSpecification","valueRequired":true,"valueName":"search_term_string"}}],"inLanguage":"fr-FR"}]}},"_links":{"self":[{"href":"https:\/\/cusointernational.org\/fr\/wp-json\/wp\/v2\/pages\/40655","targetHints":{"allow":["GET"]}}],"collection":[{"href":"https:\/\/cusointernational.org\/fr\/wp-json\/wp\/v2\/pages"}],"about":[{"href":"https:\/\/cusointernational.org\/fr\/wp-json\/wp\/v2\/types\/page"}],"author":[{"embeddable":true,"href":"https:\/\/cusointernational.org\/fr\/wp-json\/wp\/v2\/users\/3"}],"replies":[{"embeddable":true,"href":"https:\/\/cusointernational.org\/fr\/wp-json\/wp\/v2\/comments?post=40655"}],"version-history":[{"count":0,"href":"https:\/\/cusointernational.org\/fr\/wp-json\/wp\/v2\/pages\/40655\/revisions"}],"wp:featuredmedia":[{"embeddable":true,"href":"https:\/\/cusointernational.org\/fr\/wp-json\/wp\/v2\/media\/40664"}],"wp:attachment":[{"href":"https:\/\/cusointernational.org\/fr\/wp-json\/wp\/v2\/media?parent=40655"}],"wp:term":[{"taxonomy":"post_tag","embeddable":true,"href":"https:\/\/cusointernational.org\/fr\/wp-json\/wp\/v2\/tags?post=40655"}],"curies":[{"name":"wp","href":"https:\/\/api.w.org\/{rel}","templated":true}]}}

<h6>L&#8217;inspiration au féminin</h6>
<h1>Journée internationale des femmes</h1>
<h5>Le 8 mars, nous célébrons les femmes du monde entire.</h5>
<h3>Des histoires inspirantes dans votre boîte de réception</h3>
<p>Inscrivez-vous et découvrez comment vous pouvez aider les femmes autour du monde.</p>
<p><a role="button" href="https://cusointernational.org/fr/40683-2/" target="_blank" rel="noopener" aria-label="Inscrivez-vous"> Inscrivez-vous </a></p>
<h2>Journée internationale des femmes</h2>
<p>Le 8 mars est la Journée internationale des femmes. C&#8217;est la journée idéale pour souligner et célébrer les réalisations sociales, économiques, culturelles et politiques des femmes et des filles. C&#8217;est aussi la journée idéale pour réfléchir aux inégalités entre les sexes, au progrès accompli et au travail qui reste à faire.</p>
<p>Sous le thème #L&#8217;inspirationauféminin, nous braquons les projecteurs sur des femmes sources d&#8217;inspiration et d&#8217;entraide. Des femmes qui contribuent au développement et à l&#8217;épanouissement de leur communauté.</p>
<p>Soyez des nôtres pour souligner la Journée internationale des femmes tout au long du mois de mars et suivez-nous sur les médias sociaux :</p>
<h3>Semer le changement, récolter la sécurité alimentaire</h3>
<p>Découvrez comment Teresa partage ses connaissances et ses compétences pour aider d&#8217;autres femmes à obtenir la sécurité financière et alimentaire<b> </b>au Honduras.</p>
<p><a role="button" href="https://cusointernational.org/fr/recit/semer-le-changement-recolter-la-securite-alimentaire/" target="_blank" rel="noopener"> RENCONTRER TERESA </a></p>
<h3>Cultiver l&#8217;indépendance au Bénin</h3>
<p>Nadette souhaite d&#8217;ailleurs voir plus de jeunes femmes se lancer en agriculture. Lorsqu&#8217;elle n&#8217;est pas en train de travailler la terre, elle enseigne les trucs du métier à d&#8217;autres femmes.</p>
<p><a role="button" href="https://cusointernational.org/fr/recit/cultiver-lindependance-au-benin/" target="_blank" rel="noopener"> RENCONTRER NADETTE </a></p>

<p>L&#8217;inspiration au féminin Journée internationale des femmes Le 8 mars, nous célébrons les femmes du monde entire. Des histoires inspirantes dans votre boîte de réception Inscrivez-vous et découvrez comment vous pouvez aider les femmes autour du monde. Inscrivez-vous Journée internationale des femmes Le 8 mars est la Journée internationale des femmes. C&#8217;est la journée idéale&hellip;</p>

<!-- This site is optimized with the Yoast SEO plugin v27.4 - https://yoast.com/product/yoast-seo-wordpress/ -->
<title>International Women&#039;s Day - Cuso International</title>
<meta name="description" content="March 8 is International Women&#039;s Day. It’s a global day to recognize and celebrate women’s and girls’ social, economic, cultural, and political achievements. It’s also a time to raise awareness of the progress made towards achieving gender equality and the work remaining to be done." />
<meta name="robots" content="index, follow, max-snippet:-1, max-image-preview:large, max-video-preview:-1" />
<link rel="canonical" href="https://cusointernational.org/fr/journee-internationale-des-femmes/" />
<meta property="og:locale" content="fr_FR" />
<meta property="og:type" content="article" />
<meta property="og:title" content="International Women&#039;s Day - Cuso International" />
<meta property="og:description" content="March 8 is International Women&#039;s Day. It’s a global day to recognize and celebrate women’s and girls’ social, economic, cultural, and political achievements. It’s also a time to raise awareness of the progress made towards achieving gender equality and the work remaining to be done." />
<meta property="og:url" content="https://cusointernational.org/fr/journee-internationale-des-femmes/" />
<meta property="og:site_name" content="Cuso International" />
<meta property="article:modified_time" content="2022-03-24T20:24:22+00:00" />
<meta property="og:image" content="https://cusointernational.org/wp-content/uploads/Mar2022-IWD-hero.jpg" />
	<meta property="og:image:width" content="1600" />
	<meta property="og:image:height" content="1000" />
	<meta property="og:image:type" content="image/jpeg" />
<meta name="twitter:card" content="summary_large_image" />
<meta name="twitter:label1" content="Durée de lecture estimée" />
	<meta name="twitter:data1" content="1 minute" />
<script type="application/ld+json" class="yoast-schema-graph">{"@context":"https:\/\/schema.org","@graph":[{"@type":"WebPage","@id":"https:\/\/cusointernational.org\/fr\/journee-internationale-des-femmes\/","url":"https:\/\/cusointernational.org\/fr\/journee-internationale-des-femmes\/","name":"International Women's Day - Cuso International","isPartOf":{"@id":"https:\/\/cusointernational.org\/fr\/#website"},"primaryImageOfPage":{"@id":"https:\/\/cusointernational.org\/fr\/journee-internationale-des-femmes\/#primaryimage"},"image":{"@id":"https:\/\/cusointernational.org\/fr\/journee-internationale-des-femmes\/#primaryimage"},"thumbnailUrl":"https:\/\/cusointernational.org\/wp-content\/uploads\/Mar2022-IWD-hero.jpg","datePublished":"2022-02-28T19:05:51+00:00","dateModified":"2022-03-24T20:24:22+00:00","description":"March 8 is International Women's Day. It’s a global day to recognize and celebrate women’s and girls’ social, economic, cultural, and political achievements. It’s also a time to raise awareness of the progress made towards achieving gender equality and the work remaining to be done.","breadcrumb":{"@id":"https:\/\/cusointernational.org\/fr\/journee-internationale-des-femmes\/#breadcrumb"},"inLanguage":"fr-FR","potentialAction":[{"@type":"ReadAction","target":["https:\/\/cusointernational.org\/fr\/journee-internationale-des-femmes\/"]}]},{"@type":"ImageObject","inLanguage":"fr-FR","@id":"https:\/\/cusointernational.org\/fr\/journee-internationale-des-femmes\/#primaryimage","url":"https:\/\/cusointernational.org\/wp-content\/uploads\/Mar2022-IWD-hero.jpg","contentUrl":"https:\/\/cusointernational.org\/wp-content\/uploads\/Mar2022-IWD-hero.jpg","width":1600,"height":1000,"caption":"International Women's Day"},{"@type":"BreadcrumbList","@id":"https:\/\/cusointernational.org\/fr\/journee-internationale-des-femmes\/#breadcrumb","itemListElement":[{"@type":"ListItem","position":1,"name":"Home","item":"https:\/\/cusointernational.org\/fr\/"},{"@type":"ListItem","position":2,"name":"International Women&#8217;s Day"}]},{"@type":"WebSite","@id":"https:\/\/cusointernational.org\/fr\/#website","url":"https:\/\/cusointernational.org\/fr\/","name":"Cuso International","description":"Connecting communities around the world with skilled Canadians to help end poverty","potentialAction":[{"@type":"SearchAction","target":{"@type":"EntryPoint","urlTemplate":"https:\/\/cusointernational.org\/fr\/?s={search_term_string}"},"query-input":{"@type":"PropertyValueSpecification","valueRequired":true,"valueName":"search_term_string"}}],"inLanguage":"fr-FR"}]}</script>
<!-- / Yoast SEO plugin. -->
